or of 3 and x?
3
Suppose 0 = 2*d + 2*d. Suppose 3*p = -d*p - 5*r + 23, -3*p = r - 19. Let b be 36/8*4/p. What is the highest common divisor of b and 33?
3
Suppose -6*n - 36 = -9*n. Let a(w) = -2*w**3 - 3*w**2 - 2*w. Let d be a(-2). What is the greatest common factor of d and n?
4
Suppose n - 48 = -0*n. Let c = -9 + 13. Let u be (18/c)/((-21)/(-56)). What is the greatest common factor of u and n?
12
Let w = -4 + 12. Let t be (w - 3) + (-2 - -1). Suppose -15 = -5*u - t*q + 51, 2*u - q - 16 = 0. Calculate the greatest common factor of 10 and u.
10
Let s = -7 - -10. Suppose -n + 2*d = -9, -2*n + 5*d + s = -12. Calculate the greatest common divisor of n and 165.
15
Suppose 2*x - 21 = 2*d + 27, -2*d = 2*x - 32. Let b(i) = 3*i**3 + 2*i**2 - i - 2. Let q be b(2). Let p = q - x. What is the highest common divisor of p and 88?
8
Let v(p) = p**3 + 2*p**2 - 4*p - 3. Let w be v(-3). Suppose -5*h + 4*x - 2*x = -40, -4*h + 5*x + 49 = w. Calculate the greatest common divisor of h and 6.
6
Suppose 4*u = 2*u + 2. Let q be -1 + -1 + u - -67. What is the greatest common divisor of 44 and q?
22
Let o = 8 - -62. What is the greatest common divisor of 10 and o?
10
Let v(u) = -u**3 - 8. Let x be v(-5). Calculate the highest common divisor of 13 and x.
13
Let a be (-1 - -7)/((-47)/(-282)). Suppose -3*f + 4*l = 0, -3*f + 3*l + 2*l - 3 = 0. What is the highest common factor of a and f?
4
Suppose 4*i + 3*d = 2*d + 169, 0 = 5*i + 3*d - 213. Calculate the highest common factor of i and 14.
14
Let v be (1 - 11)*4/(-8). Let w(n) = n**3 + 4*n**2 - 2*n**2 - 3*n + v - 5*n**2. Let a be w(4). Calculate the highest common factor of 1 and a.
1
Let k be (-2)/(-3) + 8/(-12). Suppose k = -4*y - 11 + 43. What is the greatest common factor of y and 88?
8
Let y(g) = g**2 + 13. Let x be y(0). What is the greatest common factor of 13 and x?
13
Let o(n) = -n**3 - 4*n**2 + 3*n + 1. Let x be o(-5). What is the greatest common divisor of x and 55?
11
Let f be (-4 - (-72)/4) + 0. Calculate the highest common divisor of 14 and f.
14
Let j(a) = 2*a**3 - 5*a**2 + a + 4. Let o be j(3). Let t be 2*1/(-2) + o. Let i = -42 - -87. Calculate the highest common divisor of t and i.
15
Let b = 31 - 20. Let w = b + -6. Let p = -10 + 11. What is the greatest common factor of p and w?
1
Suppose 0 = 10*q - 15*q + 30. Let s = 14 + -8. What is the highest common divisor of q and s?
6
Suppose -2*z + 0*z + 40 = 0. Suppose m + 4 = -m. Let l be m/(1 + (-9)/6). What is the greatest common factor of l and z?
4
Let r be ((-180)/(-25))/(-6)*-55. Calculate the highest common divisor of 22 and r.
22
Suppose s + 15 = 5*s + d, -2*s = -d - 3. Suppose s*g + i - 2*i = 61, g + i - 19 = 0. Calculate the highest common divisor of g and 5.
5
Suppose 0 = 4*z + z - 5*x - 30, 4*z + 3*x - 45 = 0. Let j = -2 + 3. What is the highest common divisor of z and j?
1
Suppose 5*p = 0, -w - 4*w = -p - 595. Calculate the highest common factor of 17 and w.
17
Let j(v) = -v**3 - 8*v**2 + 9*v + 11. Let m be j(-9). Let r = m + 29. Calculate the greatest common divisor of 8 and r.
8
Suppose 70 = 5*p - 0*p. What is the greatest common divisor of p and 2?
2
Let p(l) = 7*l - 14. Let o be p(4). What is the highest common factor of o and 21?
7
Let h(m) = -m + 9. Let y be h(7). Suppose -5*j = -y*q + 27 + 81, -4*q + 216 = -2*j. Calculate the greatest common divisor of 6 and q.
6
Let a(l) = 0*l**2 + 2*l**2 + 0*l**2 - 3*l**2 + 5*l + 2. Let y be a(3). Calculate the greatest common factor of 1 and y.
1
Let h be 49/((-2)/(-2)) - 1. Let j(g) = -g - 17. Let f be j(-23). Calculate the greatest common factor of f and h.
6
Let s be 2 + 2*-1 - -25. Suppose 5*g - 4*j - 28 = 0, 0*g - g + 11 = j. Let y be (4/(g/10))/1. Calculate the greatest common factor of s and y.
5
Suppose -4*v - u + 278 = 0, 4*v + 3*u + 2*u - 270 = 0. Let f(n) = -n**2 + 6*n + 5. Let p be f(5). Calculate the greatest common factor of p and v.
10
Suppose 3*h - 48 = -0*h. Calculate the highest common divisor of h and 8.
8
Let o(h) = -2*h**2 + 13*h - 5. Let n be o(6). What is the greatest common divisor of 1 and n?
1
Let g(c) = -c**2 - 9*c + 1. Let o be g(-8). What is the greatest common factor of o and 90?
9
Let p = -2 - 3. Let f be (p + 3/3)*-9. Calculate the greatest common divisor of f and 4.
4
Suppose 4*t - 8 = 2*t. Let f be 3*1 + t + -5. Calculate the highest common factor of f and 10.
2
Let w = -8 - -18. Let u be (-2)/w + (-93)/(-15). Let q = -3 + 27. What is the greatest common divisor of q and u?
6
Let i = -69 - -317. Calculate the greatest common divisor of 31 and i.
31
Let h = 195 + -123. Let d(b) = 13*b**3 - 2*b**2 + b. Let y be d(1). What is the highest common factor of y and h?
12
Suppose -2*l = -4*l + 6. Suppose 0 = l*v - 70 - 80. Suppose v = 2*y + 3*y. Calculate the greatest common divisor of y and 30.
10
Let y(h) = -h - 1 + 1 + 1. Let z be y(-9). Suppose 0 = -3*s + 2*s + z. What is the greatest common factor of s and 10?
10
Suppose -8 + 23 = 5*t. Suppose 5*r - 44 = -t*o, 2 + 6 = o + 3*r. Let a(c) = c**3 - 8*c + 7. Let v be a(5). What is the highest common divisor of o and v?
23
Suppose -4*x - 39 = -x. Let i = x + 27. Let u = -36 + 78. What is the greatest common factor of u and i?
14
Suppose 14*s - 113 = 41. What is the greatest common factor of 209 and s?
11
Let s = 2 - 0. Suppose -2*w = 3*p - 11, s*w = -0*w + 5*p - 13. Suppose -k + m = 2*k - 4, -k - 4*m = -23. Calculate the highest common divisor of k and w.
1
Let y(z) = 2*z**2 + 4*z + 35. Let l be y(-7). Let u(t) = 1 + 3 + 16*t**2 - 3 + 2*t. Let j be u(-1). What is the greatest common divisor of l and j?
15
Let s(g) = 1 + 2*g - 3 + 5 + 2. Let i be s(5). Suppose 105 = 5*v + i. Calculate the greatest common divisor of 27 and v.
9
Let u = 4 - -1. Suppose 5*q + h = u*h + 198, -2*h = -6. Let b = 150 - 144. What is the greatest common divisor of b and q?
6
Let i(u) = 8*u**2 + u - 1. Let d be i(-2). Suppose 3*c - 1 = d. Calculate the highest common factor of 15 and c.
5
Let y be ((-14)/5)/(4/20). Let w be (-4)/y - 206/(-14). What is the greatest common factor of w and 30?
15
Suppose -j + 30 = 2*k + 3*j, -25 = -3*k - 2*j. Let y(i) = i**3 - 4*i**2 - 4*i + 1. Let b be y(k). Calculate the highest common factor of b and 48.
6
Let g(a) = 24*a + 56. Let j be g(1). Let n = 47 + -27. Calculate the highest common factor of j and n.
20
Let x be (-2890)/(-30) + 2/(-6). Let v = 17 - 5. Calculate the highest common factor of x and v.
12
Let k = -3 - -7. Suppose -k*s - 100 = -9*s. Calculate the greatest common divisor of s and 8.
4
Suppose -5*a = -4*i - 21, 0 = i - 2*i - a + 6. Calculate the greatest common factor of i and 1.
1
Let f(p) = -2*p + 2. Let j be f(-2). Let c be (-6)/(-4)*(-32)/j. Let i(w) = -w + 1. Let v be i(c). What is the highest common factor of v and 3?
3
Let j = 359 + -251. What is the greatest common divisor of 12 and j?
12
Let d be ((-38)/6 - -7)/(4/102). Calculate the greatest common divisor of 153 and d.
17
Let i be (-2 - -2)*(-6)/6. Suppose -48 = -3*a + 2*p, i = -a - 6*p + p - 1. Calculate the highest common factor of a and 7.
7
Let v = -177 + 297. Calculate the highest common divisor of 24 and v.
24
Let v = 2 - 2. Suppose v = -3*m + 7*m - 224. Let k be (-1 - 11)/(12/(-8)). Calculate the highest common divisor of m and k.
8
Let l(m) = -4*m - 28. Let h be l(-13). What is the greatest common factor of h and 18?
6
Let s be 1 - (1 + 0 - 1). Let d = s - -6. Suppose d = 2*g - 25. What is the greatest common divisor of g and 32?
16
Suppose 24 = l + l. Suppose -2*p + 382 = 4*q - p, -3*q + 3*p + 294 = 0. What is the greatest common divisor of l and q?
12
Suppose -2*b - 5*y - 46 = -120, 0 = b + 3*y - 36. Let l be (24/(-14))/((-14)/49). Calculate the greatest common factor of l and b.
6
Let q be 854/126 + 4/18. Calculate the highest common factor of 7 and q.
7
Let v(g) = 299*g**3 + g**2 + 6*g - 6. Let j be v(1). Calculate the greatest common factor of j and 12.
12
Let v = 143 + -66. What is the highest common factor of 11 and v?
11
Let g be (1 - (-3 + 7)) + 1. Let w be -3*g*(-48)/(-9). Let c = -8 - -12. Calculate the greatest common divisor of w and c.
4
Suppose a + 4*a + 3*i - 276 = 0, 5*a - 5*i = 300. Calculate the highest common divisor of 19 and a.
19
Let g be 100 + 0 + 2 + -2. Calculate the highest common factor of g and 20.
20
Let 